e highest common factor of 14 and k?
7
Let p(o) = -5*o + 1. Let b be p(1). Let l(d) = -1 - 1 - 2*d - 1. Let y be l(b). Calculate the greatest common factor of y and 20.
5
Let x be 36*(-7)/(35/(-30)). What is the highest common divisor of 24 and x?
24
Let h(f) = 4*f**2 + 2*f. Let s be h(2). Let l be (-28)/(-16) - 15/s. Let g = 4 + 1. Calculate the highest common divisor of l and g.
1
Let n(y) = 12*y**2 - y + 1. Let u be n(1). Suppose -u*q = -9*q - 24. What is the highest common factor of q and 2?
2
Suppose -2*g + 20 + 896 = 4*d, 3*d - g - 697 = 0. Calculate the highest common factor of 21 and d.
21
Let k = -139 - -223. Let u(m) = m + 8. Let v be u(-6). Suppose -v*p + 13 = -11. Calculate the highest common divisor of k and p.
12
Suppose -v - 15 = -2*v. Calculate the highest common divisor of 135 and v.
15
Suppose -7*i = -10*i + 87. Let p be (-62)/(-6) + 2/3. Let w = i - p. What is the greatest common divisor of 12 and w?
6
Let g be (-52)/(5/((-10)/4)). Let b(r) = r**3 + 8*r**2 + 6*r + 3. Let s be b(-6). Calculate the greatest common divisor of s and g.
13
Let k(o) = 15*o**2. Suppose 0*t + 20 = -5*t - 5*i, 0 = 4*t + 5*i + 19. Let a be k(t). Calculate the highest common divisor of a and 3.
3
Let m = -32 + 60. Calculate the greatest common divisor of 7 and m.
7
Let n(t) = 210*t**2 + 8*t + 7. Let g be n(-1). Let u(h) = -h**3 + 6*h**2 + 3*h + 1. Let a be u(6). What is the highest common divisor of g and a?
19
Let f be 32 + (-4)/6*24/8. Calculate the greatest common divisor of f and 240.
30
Let g be (-292)/(-18) - 6/27. Let t = 5 - 2. Suppose y - 256 = -t*y. Calculate the greatest common divisor of y and g.
16
Let d(j) = -j**2 - 8*j. Let s(i) = -i**3 + 8*i**2 - 7*i - 6. Let w be s(7). Let k be d(w). What is the greatest common divisor of 60 and k?
12
Let w(v) = v**2 + v - 9. Let f be w(-9). Let m(p) = 2*p - 3. Let r be m(6). Calculate the highest common factor of r and f.
9
Suppose 2*n + 2 = 0, -o + 32 = -3*n - 37. Let i be -1 - (-3 + 2) - -11. Calculate the greatest common divisor of i and o.
11
Let c(t) = t**3 + 3*t**2 - 2*t - 2. Let l be c(-3). Suppose 6 = -2*q, 4*k - 16 = -0*k - l*q. What is the highest common divisor of 21 and k?
7
Let o(m) = 12*m**2 - 2*m - 1. Let a = -8 - -7. Let l be o(a). Calculate the highest common factor of l and 13.
13
Let c = 43 + -14. Calculate the highest common divisor of 116 and c.
29
Suppose z - 48 = -15. Let q = 7 - 18. Let u = z - q. What is the greatest common divisor of u and 11?
11
Let q = 83 + 145. What is the highest common factor of q and 19?
19
Suppose -p - p + 2*c = -64, 152 = 5*p - 3*c. What is the highest common factor of 28 and p?
28
Let z be (-1722)/(-39) - 2/13. Suppose -5*q - 26 - z = -5*o, -3*o - 4*q + 42 = 0. Calculate the highest common divisor of o and 126.
14
Let q be 1*-3*(-2)/3. Let h be 4/(-14) - 60/(-14). Suppose -3*a + 40 = 2*z, -h*z + 3*z = -q*a + 15. What is the highest common factor of a and 2?
2
Let a(o) = -o**2 - 5*o + 4. Let m be a(-6). Let h(b) = 2*b**3 + 2*b**2 + b + 1. Let i be h(m). Let t = 30 + i. What is the greatest common divisor of t and 231?
21
Let p(b) = -5 + 0*b**2 - 4*b**2 + 5*b**2 - 2*b. Let w be p(-5). What is the greatest common factor of w and 6?
6
Let j(c) = 2*c**2 - 5*c - 10. Let y be j(10). Calculate the highest common divisor of 20 and y.
20
Let q be 797/2 - (-4)/(-8). Let a = q - 235. Suppose -4*w + 145 = -a. Calculate the greatest common divisor of w and 11.
11
Suppose 0 = -4*x - t + 733, -3*x - t - 914 = -8*x. Let w = x + -84. Calculate the highest common divisor of 9 and w.
9
Suppose -2*p + 2*h = -1 - 29, 4*p + 5*h - 69 = 0. What is the highest common factor of 256 and p?
16
Suppose 0 = -3*q + 5*o - 0*o + 98, -3*q + 94 = -4*o. Let v(g) = g**3 + 9*g**2 + 5*g + 2. Let k be v(-8). What is the highest common factor of q and k?
26
Suppose 0*r + 5*r = 30. Suppose -2 = -6*a + 22. Calculate the greatest common factor of a and r.
2
Suppose 7*x - 468 = 3*x. Suppose 5*c + l - 64 = 0, 51 = 4*c + 4*l - 3*l. Calculate the greatest common factor of c and x.
13
Let x(n) = -n**3 - 5*n**2 + 12*n + 3. Let h be x(-8). What is the greatest common divisor of h and 11?
11
Let b be (1 - -14)*(-12)/(-15). Let i(f) = -f**2 - 10*f - 4. Let q be i(-8). Calculate the greatest common divisor of q and b.
12
Let q = -55 + 56. Calculate the highest common divisor of q and 2.
1
Let q be 3*((-44)/2)/(-2). Suppose -4*m - q + 89 = 0. Let h be 37 + (-3)/((-3)/(-2)). What is the greatest common factor of m and h?
7
Suppose 3*m + 4 = 5*m. Let f be (-246)/(-12) - (-1)/m. Let o be (-49)/35*(-4 - 1). What is the highest common factor of f and o?
7
Let y = 57 - 42. What is the greatest common divisor of y and 30?
15
Let v = 5 + -9. Let l be (-65)/v + (-2)/8. Suppose -8*s + 3*s + 120 = 0. What is the highest common factor of l and s?
8
Let n(a) be the first derivative of -a**2 - 4*a - 4. Let k be n(-3). What is the greatest common factor of 10 and k?
2
Suppose k + 7*a - 3*a = 48, -5*a - 48 = -k. Let c be (2/(-5))/((-2)/60). What is the highest common factor of c and k?
12
Let s(v) = 2*v**3 - 2*v**2 - 5*v + 1. Suppose 5*w - 24 = -4. Let n be s(w). What is the greatest common factor of 7 and n?
7
Let w be (-31)/(-2) + 2/(-4). What is the greatest common divisor of 60 and w?
15
Let l = -39 + 109. Let m = 28 + -18. What is the greatest common factor of m and l?
10
Suppose 0 = -3*l + 2*o + 73, 3*l + 5*o - 48 = -10. Suppose -2*z + 23 = -l. Suppose -210 + 12 = -x. Calculate the greatest common divisor of z and x.
22
Let w = -91 - -154. Suppose 12*j - w = 9*j. What is the highest common divisor of 231 and j?
21
Suppose -2*o + 5*o + 3*k - 231 = 0, -4*k = 5*o - 380. What is the highest common factor of o and 8?
8
Suppose 0 = z - 2*a - 7, -5*a - 16 = -5*z + 14. Suppose -m + z*m = 24. Calculate the highest common divisor of 48 and m.
6
Let h be 1/1 - (0 + 0). Suppose -2*m = -m - 6. Suppose -2*b + 4 = -m. What is the highest common factor of b and h?
1
Let q = -98 - -100. What is the highest common factor of 3 and q?
1
Let j = 1 - -4. Suppose j*y = -2*h + 29 + 20, -3*h - 2*y + 79 = 0. Calculate the greatest common divisor of 18 and h.
9
Let a = 63 - 48. What is the greatest common factor of 30 and a?
15
Let y be 6/(-2) + 7 + -2. Let w be 1/(2 - 1) - -1. Calculate the highest common factor of y and w.
2
Suppose -48 = 2*n - 6*n. Let w = -3 + n. Calculate the highest common divisor of w and 99.
9
Let q(l) = -1 - 3 - 9*l + 2. Let m be q(-2). Calculate the highest common factor of m and 16.
16
Let t(d) = 4*d - 3. Let k be t(4). Suppose 3*i = -2*g + 35, -2*i - 59 = -4*g - g. Calculate the highest common factor of k and g.
13
Let h(y) = y**3 - 22*y**2 + 23*y - 6. Let d be h(21). What is the highest common divisor of 9 and d?
9
Let m = 12 + -20. Let t(l) = 3*l**3 - l**2 - l - 2. Let d be t(2). Let r = m + d. What is the highest common factor of 64 and r?
8
Let y be (-2)/(-14)*2 - 6282/(-63). Calculate the greatest common divisor of y and 40.
20
Let j be (26/5)/(1/5). Suppose 2*p = -i + 50, 4*p = 4*i - 114 - j. Suppose 3 = c - 5. What is the greatest common factor of c and i?
8
Suppose 48 = 10*i - 6*i. Calculate the greatest common factor of i and 4.
4
Let t(s) = 9*s - 11. Let o be t(3). What is the greatest common divisor of o and 80?
16
Suppose 5*l + 10 = 0, 5*a + 3*l = 15 + 49. What is the greatest common factor of a and 2?
2
Let i = -5 - -21. Suppose -3*n + 89 - 9 = 2*u, 3*n + 40 = u. What is the highest common divisor of u and i?
8
Let q(g) = 3*g**2 + 13*g + 4. Let s be q(-7). Calculate the greatest common factor of 24 and s.
12
Suppose -v - 5*a + 211 = 2*v, 5*v - 364 = 4*a. Suppose 0*u - 4*u = -v. Calculate the highest common factor of u and 12.
6
Let x be (-44)/(-6)*(2 - -1). Calculate the highest common divisor of 242 and x.
22
Suppose 2*p + p + 16 = 2*g, -2*p + 3*g = 19. Let a be ((-10)/15)/(p/375). Suppose -2*v - a = -7*v. Calculate the highest common factor of 5 and v.
5
Let m(r) = -r**3 - r**2 + 160. Let a be m(0). Let p = 5 - -15. What is the greatest common divisor of p and a?
20
Let s(b) = -45*b + 1. Let a be s(-1). Suppose 2 = 2*d - a. What is the highest common divisor of d and 60?
12
Let z be 173 + (-2)/(-1 + 2). Let s(i) = -20*i**3 + i. Let w be s(-1). What is the greatest common factor of z and w?
19
